re the prime factors of 49721?
7, 7103
What are the prime factors of 5669?
5669
What are the prime factors of 528?
2, 3, 11
List the prime factors of 5230.
2, 5, 523
What are the prime factors of 574?
2, 7, 41
What are the prime factors of 6511?
17, 383
List the prime factors of 8393.
7, 11, 109
What are the prime factors of 62619?
3, 20873
List the prime factors of 3713.
47, 79
List the prime factors of 20798.
2, 10399
What are the prime factors of 3254?
2, 1627
List the prime factors of 4402.
2, 31, 71
List the prime factors of 36183.
3, 7, 1723
What are the prime factors of 188272?
2, 7, 41
What are the prime factors of 1094?
2, 547
List the prime factors of 31442.
2, 79, 199
What are the prime factors of 833?
7, 17
List the prime factors of 942.
2, 3, 157
List the prime factors of 719.
719
What are the prime factors of 66859?
13, 37, 139
List the prime factors of 700.
2, 5, 7
List the prime factors of 44617.
44617
What are the prime factors of 385?
5, 7, 11
List the prime factors of 13178.
2, 11, 599
What are the prime factors of 25790?
2, 5, 2579
What are the prime factors of 68726?
2, 7, 4909
What are the prime factors of 11324?
2, 19, 149
List the prime factors of 4026.
2, 3, 11, 61
What are the prime factors of 1462?
2, 17, 43
List the prime factors of 21683.
21683
What are the prime factors of 4854?
2, 3, 809
What are the prime factors of 8412?
2, 3, 701
List the prime factors of 5242.
2, 2621
What are the prime factors of 73251?
3, 2713
What are the prime factors of 11835?
3, 5, 263
What are the prime factors of 4235?
5, 7, 11
What are the prime factors of 33376?
2, 7, 149
List the prime factors of 3832.
2, 479
What are the prime factors of 1869?
3, 7, 89
What are the prime factors of 4093?
4093
What are the prime factors of 175?
5, 7
List the prime factors of 703.
19, 37
What are the prime factors of 15911?
7, 2273
What are the prime factors of 7188?
2, 3, 599
What are the prime factors of 3209?
3209
What are the prime factors of 2391?
3, 797
What are the prime factors of 6716?
2, 23, 73
List the prime factors of 6148.
2, 29, 53
What are the prime factors of 28293?
3, 9431
List the prime factors of 343.
7
What are the prime factors of 62114?
2, 13, 2389
List the prime factors of 8393.
7, 11, 109
List the prime factors of 52624.
2, 11, 13, 23
List the prime factors of 2746.
2, 1373
What are the prime factors of 1653?
3, 19, 29
List the prime factors of 3455.
5, 691
What are the prime factors of 7150?
2, 5, 11, 13
What are the prime factors of 2508?
2, 3, 11, 19
What are the prime factors of 8771?
7, 179
What are the prime factors of 10965?
3, 5, 17, 43
What are the prime factors of 269?
269
List the prime factors of 5648.
2, 353
What are the prime factors of 2320?
2, 5, 29
What are the prime factors of 8538?
2, 3, 1423
What are the prime factors of 12187?
7, 1741
List the prime factors of 9675.
3, 5, 43
What are the prime factors of 12676?
2, 3169
What are the prime factors of 46715?
5, 9343
What are the prime factors of 14595?
3, 5, 7, 139
List the prime factors of 206340.
2, 3, 5, 19, 181
List the prime factors of 29433.
3, 9811
What are the prime factors of 28538?
2, 19, 751
List the prime factors of 5947.
19, 313
What are the prime factors of 2471?
7, 353
List the prime factors of 365.
5, 73
What are the prime factors of 11586?
2, 3, 1931
What are the prime factors of 21700?
2, 5, 7, 31
What are the prime factors of 67010?
2, 5, 6701
List the prime factors of 22189.
22189
List the prime factors of 9705.
3, 5, 647
What are the prime factors of 81398?
2, 40699
List the prime factors of 5489.
11, 499
List the prime factors of 28588.
2, 7, 1021
What are the prime factors of 19814?
2, 9907
List the prime factors of 73259.
73259
What are the prime factors of 148?
2, 37
What are the prime factors of 116281?
11, 31
What are the prime factors of 14430?
2, 3, 5, 13, 37
What are the prime factors of 98333?
107, 919
What are the prime factors of 73558?
2, 36779
What are the prime factors of 10524?
2, 3, 877
List the prime factors of 961.
31
List the prime factors of 40180.
2, 5, 7, 41
List the prime factors of 1735.
5, 347
What are the prime factors of 8798?
2, 53, 83
What are the prime factors of 22617?
3, 7, 359
List the prime factors of 13069.
7, 1867
List the prime factors of 20878.
2, 11, 13, 73
What are the prime factors of 59909?
139, 431
What are the prime factors of 74092?
2, 18523
What are the prime factors of 3006?
2, 3, 167
List the prime factors of 10849.
19, 571
What are the prime factors of 3544?
2, 443
List the prime factors of 88239.
3, 67, 439
What are the prime factors of 241?
241
What are the prime factors of 70945?
5, 7, 2027
What are the prime factors of 4409?
4409
List the prime factors of 20662.
2, 10331
What are the prime factors of 126530?
2, 5, 12653
What are the prime factors of 18498?
2, 3, 3083
List the prime factors of 39416.
2, 13, 379
List the prime factors of 5456.
2, 11, 31
List the prime factors of 4556.
2, 17, 67
What are the prime factors of 84620?
2, 5, 4231
What are the prime factors of 11741?
59, 199
What are the prime factors of 37?
37
What are the prime factors of 3170?
2, 5, 317
List the prime factors of 35818.
2, 17909
List the prime factors of 9160.
2, 5, 229
What are the prime factors of 143?
11, 13
What are the prime factors of 110550?
2, 3, 5, 11, 67
List the prime factors of 24724.
2, 7, 883
List the prime factors of 359.
359
What are the prime factors of 805?
5, 7, 23
What are the prime factors of 779?
19, 41
What are the prime factors of 49225?
5, 11, 179
List the prime factors of 1929.
3, 643
What are the prime factors of 67399?
67399
What are the prime factors of 11090?
2, 5, 1109
What are the prime factors of 723?
3, 241
List the prime factors of 18734.
2, 17, 19, 29
What are the prime factors of 186604?
2, 11, 4241
What are the prime factors of 93818?
2, 61, 769
List the prime factors of 9630.
2, 3, 5, 107
What are the prime factors of 62188?
2, 7, 2221
List the prime factors of 25702.
2, 71, 181
What are the prime factors of 969?
3, 17, 19
List the prime factors of 9177.
3, 7, 19, 23
List the prime factors of 9493.
11, 863
List the prime factors of 164136.
2, 3, 7, 977
List the prime factors of 475.
5, 19
List the prime factors of 59551.
17, 31, 113
What are the prime factors of 15729?
3, 7, 107
List the prime factors of 144.
2, 3
What are the prime factors of 309?
3, 103
List the prime factors of 22592.
2, 353
List the prime factors of 1803.
3, 601
What are the prime factors of 5648?
2, 353
List the prime factors of 3199.
7, 457
What are the prime factors of 21604?
2, 11, 491
What are the prime factors of 2359?
7, 337
List the prime factors of 2051.
7, 293
List the prime factors of 35055.
3, 5, 19, 41
List the prime factors of 139.
139
What are the prime factors of 8003?
53, 151
List the prime factors of 77598.
2, 3, 479
What are the prime factors of 974?
2, 487
List the prime factors of 342.
2, 3, 19
List the prime factors of 442.
2, 13, 17
What are the prime factors of 365?
5, 73
What are the prime factors of 6992?
2, 19, 23
What are the prime factors of 12558?
2, 3, 7, 13, 23
List the prime factors of 50.
2, 5
List the prime factors of 34744.
2, 43, 101
List the prime factors of 111369.
3, 37123
List the prime factors of 804.
2, 3, 67
List the prime factors of 6024.
2, 3, 251
What are the prime factors of 1055?
5, 211
List the prime factors of 3467.
3467
List the prime factors of 787.
787
List the prime factors of 100569.
3, 7, 4789
What are the prime factors of 2015?
5, 13, 31
List the prime factors of 12182.
2, 6091
List the prime factors of 8151.
3, 11, 13, 19
List the prime factors of 124372.
2, 17, 31, 59
What are the prime factors of 5411?
7, 773
What are the prime factors of 33542?
2, 31, 541
List the prime factors of 82101.
3, 27367
List the prime factors of 17532.
2, 3, 487
List the prime factors of 29267.
7, 37, 113
What are the prime factors of 1815?
3, 5, 11
What are the prime factors of 42132?
2, 3, 3511
What are the prime factors of 1710?
2, 3, 5, 19
List the prime factors of 11793.
3, 3931
What are the prime factors of 20647?
11, 1877
What are the prime factors of 7424?
2, 29
List the prime factors of 2257.
37, 61
List the prime factors of 8794.
2, 4397
What are